) = 30*r - 20. Let w(b) = 30*b - 19. Let u(h) = -2*t(h) + 3*w(h). Let p be u(10). Let g = p + -195. What is the highest common divisor of g and 8?
8
Suppose -7*p + 72 = -68. Suppose -p*v + 15*v = -85. What is the greatest common factor of v and 187?
17
Let t(a) = 3*a**2 + 8*a - 5. Let s be t(7). Let u(j) = 20*j - 62. Let p be u(4). What is the highest common factor of p and s?
18
Suppose 15*m + 3 = 12*m. Let r be ((-7)/(-4))/(m/(-4)). Calculate the highest common factor of r and 63.
7
Let x = 43 + -13. Let m(k) be the third derivative of k**4/24 - k**3/3 + 6*k**2. Let u be m(8). What is the highest common divisor of u and x?
6
Let d be 0 + -2 + -5 - -1. Let z be 5/(45/d) - (-366)/9. What is the highest common factor of 5 and z?
5
Let f(n) = n**3 + 2*n**2 - 4*n - 3. Let g be f(5). Let q be g/6 + 3/(-9). Calculate the greatest common divisor of q and 10.
5
Suppose -12775 = 58*o - 65*o. Calculate the greatest common divisor of 73 and o.
73
Let g(u) be the first derivative of -u**3/3 - 2*u**2 + 17*u + 13. Let c be g(-5). What is the highest common factor of 3 and c?
3
Let q(t) = t**2 - t. Let w be q(-6). What is the highest common divisor of 602 and w?
14
Suppose 5*m = 4*x + 313, -x - 4*x - 50 = -m. Let n be (-2)/(-2) + 2 + 9. Suppose 40 = 2*z - n. What is the highest common divisor of z and m?
13
Let j be (-416)/(-6) + 2/3. Suppose 566 + 92 = 47*h. What is the highest common divisor of h and j?
14
Let h(o) = -9*o - 27. Let d = -3 + -8. Let t be h(d). Let c be (4 + 32)*(-2)/(-4). What is the greatest common factor of c and t?
18
Suppose 0*o + 34 = 4*c + 5*o, 0 = -2*c + 2*o + 8. Suppose -v + 19 + 4 = i, 2*i - 26 = 2*v. Calculate the highest common factor of i and c.
6
Let w = -9 + -2. Let v(i) = -i**3 - 12*i**2 - 12*i + 13. Let d be v(w). Calculate the highest common divisor of 6 and d.
6
Let g(n) = -8*n**3 - 5*n**2 - n - 3. Let a be g(-3). Calculate the greatest common factor of 38 and a.
19
Suppose 6*x - 47 = 43. Let f be (-1 + x/6)*60/9. Calculate the highest common factor of 80 and f.
10
Suppose a - l - 32 = 0, -11 = a + 2*l - 31. What is the greatest common factor of a and 7?
7
Let s(m) = -m**3 - 7*m**2 + 2*m - 8. Let z be s(-6). Let p = z - -102. Let r = 14 + p. What is the greatest common divisor of 12 and r?
12
Let f(b) = b**3 - 21*b**2 + 3*b + 30. Let o be f(21). Suppose 2*k - 2*j - 879 = -o, -k - 5*j = -411. What is the highest common divisor of k and 36?
36
Suppose 6*d = 5*d + 19. Suppose m + x - d = 0, m - 59 = -2*m - 5*x. What is the highest common divisor of 9 and m?
9
Suppose -3*f - 24 = -f. Let g(r) = -r**3 - 10*r**2 + 10*r - 15. Let k be g(f). Calculate the highest common divisor of 17 and k.
17
Let l be (-73)/(-3) + (-18)/135*-5. What is the greatest common factor of 50 and l?
25
Suppose -7*j - 264 = j. Let s = 48 + j. Calculate the greatest common factor of s and 45.
15
Let j be (-18)/45*-1 + (-1198)/(-5). What is the highest common factor of j and 432?
48
Suppose -2*i + 944 = g, -5*i - 16*g = -12*g - 2357. What is the highest common factor of 33 and i?
11
Suppose 0 = -49*d + 12*d + 3515. Calculate the highest common divisor of 171 and d.
19
Suppose -4*t + 822 = 2*s, -407 = -19*s + 18*s - 4*t. What is the highest common factor of s and 5?
5
Let i be -5 + 16 + 1*-2. Let r be 4*(90/4)/i. What is the highest common factor of 25 and r?
5
Let n(p) be the first derivative of 8*p**3/3 - 3*p**2/2 - 3*p + 1. Let d = 502 - 504. Let h be n(d). What is the highest common divisor of h and 14?
7
Let l be 20/6 - (-3)/(-9). Let q(t) = 6*t**2 - 2 - 7*t**2 + l + 15*t. Let y be q(14). Calculate the greatest common factor of 60 and y.
15
Let j(v) = -2*v**2 - 11*v - 1. Let r be j(-2). What is the highest common divisor of 39 and r?
13
Suppose -39 = 385*w - 388*w. What is the highest common divisor of 936 and w?
13
Let v(j) = 17*j. Let h be v(2). Let g be (-6)/10 + 516/10. Let t be 5*-2*g/(-30). What is the highest common divisor of h and t?
17
Suppose -80*q = -6633 - 9367. Calculate the greatest common factor of 64 and q.
8
Let y = 63 + -35. Let w(i) = 4*i + 244. Let a be w(-12). What is the highest common factor of a and y?
28
Let s(i) = -i**3 + i**2. Let o be s(-1). Suppose -n - n = 0. Suppose -2*x + 7 + 1 = n. Calculate the greatest common factor of x and o.
2
Let w(u) = -u - 11. Let z be w(-12). Let h = z + -1. Suppose 2*y + 5*i = -3*y + 20, -3*i + 3 = h. What is the greatest common factor of 6 and y?
3
Let i(n) = -12*n**2 - n. Let o be i(1). Let c = 35 + o. Suppose -2*g + 2 = -c. Calculate the greatest common divisor of g and 84.
12
Let j(g) = 4*g**2 + 6*g - 1. Let x be j(-3). Let l = x - 11. What is the highest common factor of l and 6?
6
Let p = -24 + 23. Let x be 0 - (p + -2 - 13). What is the greatest common divisor of 32 and x?
16
Let v(x) = -x**3 + 15*x**2 - 14*x - 1. Let h be v(14). Let n(m) = -10*m**3 - m - 1. Let u be n(h). What is the greatest common divisor of 90 and u?
10
Let i(d) = -12*d - 168. Let n be i(-16). What is the highest common divisor of n and 120?
24
Let v be -28*11/(-44) + 80. Calculate the greatest common divisor of 290 and v.
29
Suppose 4*g + 3*l = 291, -2*l + 4*l + 6 = 0. What is the greatest common divisor of g and 1275?
75
Let b = 4674 - 4662. Let g(a) = a**2 - 2*a - 7. Let q be g(5). Calculate the highest common divisor of q and b.
4
Suppose 5*h + 3*b = 6*b + 56, -h = 4*b - 2. Let w = -2 + h. Let j = 33 - w. What is the highest common divisor of 5 and j?
5
Let s(k) = k**2 + 9*k + 14. Let m be s(-7). Suppose -6*f + 4*f = m. Let g be 9 + f - (5 - 4). What is the highest common divisor of 48 and g?
8
Let z = -187 + 280. Let s = 7 + z. Calculate the highest common divisor of s and 25.
25
Let f(y) = 8*y**3 + y**2 + 10*y. Let i be f(3). What is the greatest common divisor of 15 and i?
15
Let d be (-3)/(12 - 0) - 8085/(-20). Let b = d - 275. What is the highest common factor of b and 43?
43
Let a(x) = -x**3 - 7*x**2 - 6*x - 6. Let n be a(-6). Let y be n - -39 - -1*3. Calculate the highest common factor of 48 and y.
12
Suppose 0 = 4*m + 6*m - 690. What is the highest common factor of m and 276?
69
Let j = -75 + 93. Calculate the highest common divisor of j and 63.
9
Let q = -5 - -7. Suppose 4*h - 5 = -3*p, 3*h + 2*p - p = 10. Let x be 389/h + q/10. What is the greatest common divisor of 26 and x?
26
Let t = -1764 + 1776. Let z = -8 + 28. Calculate the highest common divisor of t and z.
4
Suppose -3*k + 2*y = -1690, 5*k - 4*y = -8*y + 2780. What is the greatest common divisor of 112 and k?
112
Suppose -105 = -6*a - 75. Calculate the greatest common factor of a and 190.
5
Suppose 0*r + 5*r - 135 = 0. Let j = r + -27. Suppose 5*y - 54 = -i, j*y + 20 = 4*y - 5*i. What is the greatest common divisor of y and 2?
2
Let l be (-3)/(25/(-30) + 1). Let d = 3 - l. Calculate the highest common divisor of 168 and d.
21
Let l(r) = -14*r**2 + 2*r + 4. Let g be l(3). Let j be (7/((-7)/502))/(-2). Let y = g + j. Calculate the greatest common factor of y and 15.
15
Let c be (0 - (2 + 9))*(-9 + -6). Suppose 0 = 8*l - 3*l - c. Calculate the highest common factor of l and 3.
3
Let x be 1/((-10)/(-756)) - (-48)/120. What is the greatest common divisor of 133 and x?
19
Suppose 6246 = 20*z + 1866. What is the highest common factor of 146 and z?
73
Let b be 0/12 + (1 - -10). Let m(w) = -w + 14. Let v be m(b). What is the greatest common divisor of v and 3?
3
Let r(s) = -s**3 - 5*s**2 + 7*s + 9. Let x be r(-6). Suppose -3*l = -0*l - 12. Suppose 20 = l*i - x*i. Calculate the highest common divisor of i and 40.
20
Suppose 2*k + 0 = 4. Suppose -4*g - g + 43 = -k*h, g - 5*h = 4. Suppose -4*a = 5*p - g*a - 205, -3 = a. What is the highest common divisor of p and 57?
19
Suppose n = 2*n + 65. Let a be ((-8)/(-10))/((-26)/n). Suppose a*u - 32 = -0*u. Calculate the highest common divisor of u and 16.
16
Let w(l) = 2*l**3 + 55*l**2 + 25*l - 32. Let n be w(-27). What is the highest common divisor of 22 and n?
22
Let n be ((-5)/4*3)/((-6)/16). Suppose 0 = -3*h + 182 + 148. What is the highest common divisor of h and n?
10
Suppose 17 = 4*h + 5. Suppose 5*m + h*z - 6*z - 14 = 0, 2*m + 2 = 5*z. Let s be ((-6)/(-4))/((-9)/(-120)). What is the highest common divisor of s and m?
4
Let q = -62 + 180. What is the greatest common divisor of q and 177?
59
Suppose 0